{"id":3829,"date":"2023-03-09T15:59:52","date_gmt":"2023-03-09T14:59:52","guid":{"rendered":"http:\/\/caminsbalears.org\/ingenieros-baleares-del-siglo-xix\/"},"modified":"2023-06-05T15:29:42","modified_gmt":"2023-06-05T13:29:42","slug":"ingenieros-baleares-del-siglo-xix","status":"publish","type":"page","link":"https:\/\/caminsbalears.org\/ca\/ingenieros-baleares-del-siglo-xix\/","title":{"rendered":"Enginyers Balears al segle XIX."},"content":{"rendered":"\t\t<div data-elementor-type=\"wp-page\" data-elementor-id=\"3829\" class=\"elementor elementor-3829 elementor-3817\" data-elementor-post-type=\"page\">\n\t\t\t\t\t\t<section class=\"elementor-section elementor-top-section elementor-element elementor-element-4cc9d57c elementor-section-height-min-height elementor-section-boxed elementor-section-height-default elementor-section-items-middle\" data-id=\"4cc9d57c\" data-element_type=\"section\" data-settings=\"{&quot;background_background&quot;:&quot;classic&quot;,&quot;shape_divider_bottom&quot;:&quot;pyramids&quot;}\">\n\t\t\t\t\t<div class=\"elementor-shape elementor-shape-bottom\" aria-hidden=\"true\" data-negative=\"false\">\n\t\t\t<svg xmlns=\"http:\/\/www.w3.org\/2000\/svg\" viewBox=\"0 0 1000 100\" preserveAspectRatio=\"none\">\n\t<path class=\"elementor-shape-fill\" d=\"M761.9,44.1L643.1,27.2L333.8,98L0,3.8V0l1000,0v3.9\"\/>\n<\/svg>\t\t<\/div>\n\t\t\t\t\t<div class=\"elementor-container elementor-column-gap-wider\">\n\t\t\t\t\t<div class=\"elementor-column elementor-col-100 elementor-top-column elementor-element elementor-element-46d5d215\" data-id=\"46d5d215\" data-element_type=\"column\">\n\t\t\t<div class=\"elementor-widget-wrap elementor-element-populated\">\n\t\t\t\t\t\t<div class=\"elementor-element elementor-element-401fb1ba elementor-widget__width-auto elementor-view-default elementor-widget elementor-widget-icon\" data-id=\"401fb1ba\" data-element_type=\"widget\" data-widget_type=\"icon.default\">\n\t\t\t\t<div class=\"elementor-widget-container\">\n\t\t\t\t\t\t\t<div class=\"elementor-icon-wrapper\">\n\t\t\t<div class=\"elementor-icon\">\n\t\t\t<i aria-hidden=\"true\" class=\"fas fa-chevron-right\"><\/i>\t\t\t<\/div>\n\t\t<\/div>\n\t\t\t\t\t\t<\/div>\n\t\t\t\t<\/div>\n\t\t\t\t\t<\/div>\n\t\t<\/div>\n\t\t\t\t\t<\/div>\n\t\t<\/section>\n\t\t\t\t<section class=\"elementor-section elementor-top-section elementor-element elementor-element-3f33190c elementor-section-boxed elementor-section-height-default elementor-section-height-default\" data-id=\"3f33190c\" data-element_type=\"section\">\n\t\t\t\t\t\t<div class=\"elementor-container elementor-column-gap-wider\">\n\t\t\t\t\t<div class=\"elementor-column elementor-col-50 elementor-top-column elementor-element elementor-element-1c227077\" data-id=\"1c227077\" data-element_type=\"column\">\n\t\t\t<div class=\"elementor-widget-wrap elementor-element-populated\">\n\t\t\t\t\t\t<div class=\"elementor-element elementor-element-3077fa69 elementor-align-start elementor-icon-list--layout-traditional elementor-list-item-link-full_width elementor-widget elementor-widget-icon-list\" data-id=\"3077fa69\" data-element_type=\"widget\" data-widget_type=\"icon-list.default\">\n\t\t\t\t<div class=\"elementor-widget-container\">\n\t\t\t\t\t\t\t<ul class=\"elementor-icon-list-items\">\n\t\t\t\t\t\t\t<li class=\"elementor-icon-list-item\">\n\t\t\t\t\t\t\t\t\t\t\t<a href=\"http:\/\/caminsbalears.org\/ca\/historia-de-la-demarcacio\/\">\n\n\t\t\t\t\t\t\t\t\t\t\t<span class=\"elementor-icon-list-text\">HIST\u00d2RIA DE LA DEMARCACI\u00d3<\/span>\n\t\t\t\t\t\t\t\t\t\t\t<\/a>\n\t\t\t\t\t\t\t\t\t<\/li>\n\t\t\t\t\t\t\t\t<li class=\"elementor-icon-list-item\">\n\t\t\t\t\t\t\t\t\t\t\t<a href=\"http:\/\/caminsbalears.org\/ca\/historia-del-col%c2%b7legi\/\">\n\n\t\t\t\t\t\t\t\t\t\t\t<span class=\"elementor-icon-list-text\">HIST\u00d2RIA DEL COL\u00b7LEGI<\/span>\n\t\t\t\t\t\t\t\t\t\t\t<\/a>\n\t\t\t\t\t\t\t\t\t<\/li>\n\t\t\t\t\t\t\t\t<li class=\"elementor-icon-list-item\">\n\t\t\t\t\t\t\t\t\t\t\t<a href=\"http:\/\/caminsbalears.org\/ca\/junta-rectora\/\">\n\n\t\t\t\t\t\t\t\t\t\t\t<span class=\"elementor-icon-list-text\">JUNTA RECTORA<\/span>\n\t\t\t\t\t\t\t\t\t\t\t<\/a>\n\t\t\t\t\t\t\t\t\t<\/li>\n\t\t\t\t\t\t\t\t<li class=\"elementor-icon-list-item\">\n\t\t\t\t\t\t\t\t\t\t\t<a href=\"http:\/\/caminsbalears.org\/wp-content\/uploads\/2017\/05\/20170511172646719.pdf\" target=\"_blank\">\n\n\t\t\t\t\t\t\t\t\t\t\t<span class=\"elementor-icon-list-text\">REGLAMENT DE LA DEMARCACI\u00d3<\/span>\n\t\t\t\t\t\t\t\t\t\t\t<\/a>\n\t\t\t\t\t\t\t\t\t<\/li>\n\t\t\t\t\t\t\t\t<li class=\"elementor-icon-list-item\">\n\t\t\t\t\t\t\t\t\t\t\t<a href=\"http:\/\/caminsbalears.org\/wp-content\/uploads\/2017\/05\/Estatutos_2003.pdf\" target=\"_blank\">\n\n\t\t\t\t\t\t\t\t\t\t\t<span class=\"elementor-icon-list-text\">ESTATUTS<\/span>\n\t\t\t\t\t\t\t\t\t\t\t<\/a>\n\t\t\t\t\t\t\t\t\t<\/li>\n\t\t\t\t\t\t\t\t<li class=\"elementor-icon-list-item\">\n\t\t\t\t\t\t\t\t\t\t\t<a href=\"#\" target=\"_blank\">\n\n\t\t\t\t\t\t\t\t\t\t\t<span class=\"elementor-icon-list-text\">Enginyers Balears al segle XIX.<\/span>\n\t\t\t\t\t\t\t\t\t\t\t<\/a>\n\t\t\t\t\t\t\t\t\t<\/li>\n\t\t\t\t\t\t\t\t<li class=\"elementor-icon-list-item\">\n\t\t\t\t\t\t\t\t\t\t<span class=\"elementor-icon-list-text\"><\/span>\n\t\t\t\t\t\t\t\t\t<\/li>\n\t\t\t\t\t\t<\/ul>\n\t\t\t\t\t\t<\/div>\n\t\t\t\t<\/div>\n\t\t\t\t\t<\/div>\n\t\t<\/div>\n\t\t\t\t<div class=\"elementor-column elementor-col-50 elementor-top-column elementor-element elementor-element-872bb94\" data-id=\"872bb94\" data-element_type=\"column\">\n\t\t\t<div class=\"elementor-widget-wrap elementor-element-populated\">\n\t\t\t\t\t\t<div class=\"elementor-element elementor-element-40ffe0ac elementor-invisible elementor-widget elementor-widget-heading\" data-id=\"40ffe0ac\" data-element_type=\"widget\" data-settings=\"{&quot;_animation&quot;:&quot;fadeInUp&quot;,&quot;_animation_delay&quot;:&quot;40&quot;}\" data-widget_type=\"heading.default\">\n\t\t\t\t<div class=\"elementor-widget-container\">\n\t\t\t\t\t<div class=\"elementor-heading-title elementor-size-default\">Enginyers de camins, canals i ports, fills de les Balears, titulats a l'escola especial d'enginyers de camins, canals i ports del Ministeri de Foment al segle XIX.\n\n<\/div>\t\t\t\t<\/div>\n\t\t\t\t<\/div>\n\t\t\t\t<div class=\"elementor-element elementor-element-9bc5d10 elementor-align-center elementor-widget elementor-widget-button\" data-id=\"9bc5d10\" data-element_type=\"widget\" data-widget_type=\"button.default\">\n\t\t\t\t<div class=\"elementor-widget-container\">\n\t\t\t\t\t\t\t\t\t<div class=\"elementor-button-wrapper\">\n\t\t\t\t\t<a class=\"elementor-button elementor-button-link elementor-size-md\" href=\"http:\/\/caminsbalears.org\/wp-content\/uploads\/2023\/06\/2023-IB-CICCP-SXIX.pdf\" target=\"_blank\">\n\t\t\t\t\t\t<span class=\"elementor-button-content-wrapper\">\n\t\t\t\t\t\t\t\t\t<span class=\"elementor-button-text\">VEURE LLISTAT<\/span>\n\t\t\t\t\t<\/span>\n\t\t\t\t\t<\/a>\n\t\t\t\t<\/div>\n\t\t\t\t\t\t\t\t<\/div>\n\t\t\t\t<\/div>\n\t\t\t\t\t<\/div>\n\t\t<\/div>\n\t\t\t\t\t<\/div>\n\t\t<\/section>\n\t\t\t\t<\/div>\n\t\t","protected":false},"excerpt":{"rendered":"<p>HIST\u00d2RIA DE LA DEMARCACI\u00d3 HIST\u00d2RIA DEL COL\u00b7LEGI JUNTA RECTORA REGLAMENT DE LA DEMARCACI\u00d3 ESTATUTS Enginyers Balears al segle XIX. Enginyers de camins, canals i ports, fills de les Balears, titulats a l&#8217;escola especial d&#8217;enginyers de camins, canals i ports del Ministeri de Foment al segle XIX. VEURE LLISTAT<\/p>\n","protected":false},"author":1,"featured_media":0,"parent":0,"menu_order":0,"comment_status":"closed","ping_status":"closed","template":"elementor_header_footer","meta":{"footnotes":""},"class_list":["post-3829","page","type-page","status-publish","hentry"],"_links":{"self":[{"href":"https:\/\/caminsbalears.org\/ca\/wp-json\/wp\/v2\/pages\/3829","targetHints":{"allow":["GET"]}}],"collection":[{"href":"https:\/\/caminsbalears.org\/ca\/wp-json\/wp\/v2\/pages"}],"about":[{"href":"https:\/\/caminsbalears.org\/ca\/wp-json\/wp\/v2\/types\/page"}],"author":[{"embeddable":true,"href":"https:\/\/caminsbalears.org\/ca\/wp-json\/wp\/v2\/users\/1"}],"replies":[{"embeddable":true,"href":"https:\/\/caminsbalears.org\/ca\/wp-json\/wp\/v2\/comments?post=3829"}],"version-history":[{"count":8,"href":"https:\/\/caminsbalears.org\/ca\/wp-json\/wp\/v2\/pages\/3829\/revisions"}],"predecessor-version":[{"id":3960,"href":"https:\/\/caminsbalears.org\/ca\/wp-json\/wp\/v2\/pages\/3829\/revisions\/3960"}],"wp:attachment":[{"href":"https:\/\/caminsbalears.org\/ca\/wp-json\/wp\/v2\/media?parent=3829"}],"curies":[{"name":"wp","href":"https:\/\/api.w.org\/{rel}","templated":true}]}}

<div data-elementor-type="wp-page" data-elementor-id="3829" class="elementor elementor-3829 elementor-3817" data-elementor-post-type="page">
						<section class="elementor-section elementor-top-section elementor-element elementor-element-4cc9d57c elementor-section-height-min-height elementor-section-boxed elementor-section-height-default elementor-section-items-middle" data-id="4cc9d57c" data-element_type="section" data-settings="{&quot;background_background&quot;:&quot;classic&quot;,&quot;shape_divider_bottom&quot;:&quot;pyramids&quot;}">
					<div class="elementor-shape elementor-shape-bottom" aria-hidden="true" data-negative="false">
			<svg xmlns="http://www.w3.org/2000/svg" viewBox="0 0 1000 100" preserveAspectRatio="none">
	<path class="elementor-shape-fill" d="M761.9,44.1L643.1,27.2L333.8,98L0,3.8V0l1000,0v3.9"/>
</svg>		</div>
					<div class="elementor-container elementor-column-gap-wider">
					<div class="elementor-column elementor-col-100 elementor-top-column elementor-element elementor-element-46d5d215" data-id="46d5d215" data-element_type="column">
			<div class="elementor-widget-wrap elementor-element-populated">
						<div class="elementor-element elementor-element-401fb1ba elementor-widget__width-auto elementor-view-default elementor-widget elementor-widget-icon" data-id="401fb1ba" data-element_type="widget" data-widget_type="icon.default">
				<div class="elementor-widget-container">
							<div class="elementor-icon-wrapper">
			<div class="elementor-icon">
			<i aria-hidden="true" class="fas fa-chevron-right"></i>			</div>
		</div>
						</div>
				</div>
					</div>
		</div>
					</div>
		</section>
				<section class="elementor-section elementor-top-section elementor-element elementor-element-3f33190c elementor-section-boxed elementor-section-height-default elementor-section-height-default" data-id="3f33190c" data-element_type="section">
						<div class="elementor-container elementor-column-gap-wider">
					<div class="elementor-column elementor-col-50 elementor-top-column elementor-element elementor-element-1c227077" data-id="1c227077" data-element_type="column">
			<div class="elementor-widget-wrap elementor-element-populated">
						<div class="elementor-element elementor-element-3077fa69 elementor-align-start elementor-icon-list--layout-traditional elementor-list-item-link-full_width elementor-widget elementor-widget-icon-list" data-id="3077fa69" data-element_type="widget" data-widget_type="icon-list.default">
				<div class="elementor-widget-container">
							<ul class="elementor-icon-list-items">
							<li class="elementor-icon-list-item">
											<a href="http://caminsbalears.org/ca/historia-de-la-demarcacio/">

											<span class="elementor-icon-list-text">HISTÒRIA DE LA DEMARCACIÓ</span>
											</a>
									</li>
								<li class="elementor-icon-list-item">
											<a href="http://caminsbalears.org/ca/historia-del-col%c2%b7legi/">

											<span class="elementor-icon-list-text">HISTÒRIA DEL COL·LEGI</span>
											</a>
									</li>
								<li class="elementor-icon-list-item">
											<a href="http://caminsbalears.org/ca/junta-rectora/">

											<span class="elementor-icon-list-text">JUNTA RECTORA</span>
											</a>
									</li>
								<li class="elementor-icon-list-item">
											<a href="http://caminsbalears.org/wp-content/uploads/2017/05/20170511172646719.pdf" target="_blank">

											<span class="elementor-icon-list-text">REGLAMENT DE LA DEMARCACIÓ</span>
											</a>
									</li>
								<li class="elementor-icon-list-item">
											<a href="http://caminsbalears.org/wp-content/uploads/2017/05/Estatutos_2003.pdf" target="_blank">

											<span class="elementor-icon-list-text">ESTATUTS</span>
											</a>
									</li>
								<li class="elementor-icon-list-item">
											<a href="#" target="_blank">

											<span class="elementor-icon-list-text">Enginyers Balears al segle XIX.</span>
											</a>
									</li>
								<li class="elementor-icon-list-item">
										<span class="elementor-icon-list-text"></span>
									</li>
						</ul>
						</div>
				</div>
					</div>
		</div>
				<div class="elementor-column elementor-col-50 elementor-top-column elementor-element elementor-element-872bb94" data-id="872bb94" data-element_type="column">
			<div class="elementor-widget-wrap elementor-element-populated">
						<div class="elementor-element elementor-element-40ffe0ac elementor-invisible elementor-widget elementor-widget-heading" data-id="40ffe0ac" data-element_type="widget" data-settings="{&quot;_animation&quot;:&quot;fadeInUp&quot;,&quot;_animation_delay&quot;:&quot;40&quot;}" data-widget_type="heading.default">
				<div class="elementor-widget-container">
					<div class="elementor-heading-title elementor-size-default">Enginyers de camins, canals i ports, fills de les Balears, titulats a l'escola especial d'enginyers de camins, canals i ports del Ministeri de Foment al segle XIX.

</div>				</div>
				</div>
				<div class="elementor-element elementor-element-9bc5d10 elementor-align-center elementor-widget elementor-widget-button" data-id="9bc5d10" data-element_type="widget" data-widget_type="button.default">
				<div class="elementor-widget-container">
									<div class="elementor-button-wrapper">
					<a class="elementor-button elementor-button-link elementor-size-md" href="http://caminsbalears.org/wp-content/uploads/2023/06/2023-IB-CICCP-SXIX.pdf" target="_blank">
						<span class="elementor-button-content-wrapper">
									<span class="elementor-button-text">VEURE LLISTAT</span>
					</span>
					</a>
				</div>
								</div>
				</div>
					</div>
		</div>
					</div>
		</section>
				</div>

<p>HISTÒRIA DE LA DEMARCACIÓ HISTÒRIA DEL COL·LEGI JUNTA RECTORA REGLAMENT DE LA DEMARCACIÓ ESTATUTS Enginyers Balears al segle XIX. Enginyers de camins, canals i ports, fills de les Balears, titulats a l&#8217;escola especial d&#8217;enginyers de camins, canals i ports del Ministeri de Foment al segle XIX. VEURE LLISTAT</p>
