{"id":3341,"date":"2023-02-17T08:46:16","date_gmt":"2023-02-17T07:46:16","guid":{"rendered":"http:\/\/caminsbalears.org\/demarcacio\/"},"modified":"2023-03-09T16:15:06","modified_gmt":"2023-03-09T16:15:06","slug":"demarcacio","status":"publish","type":"page","link":"https:\/\/caminsbalears.org\/ca\/demarcacio\/","title":{"rendered":"Demarcaci\u00f3"},"content":{"rendered":"\t\t<div data-elementor-type=\"wp-page\" data-elementor-id=\"3341\" class=\"elementor elementor-3341 elementor-79\" data-elementor-post-type=\"page\">\n\t\t\t\t\t\t<section class=\"elementor-section elementor-top-section elementor-element elementor-element-439709ee elementor-section-height-min-height elementor-section-boxed elementor-section-height-default elementor-section-items-middle\" data-id=\"439709ee\" data-element_type=\"section\" data-settings=\"{&quot;background_background&quot;:&quot;classic&quot;,&quot;shape_divider_bottom&quot;:&quot;pyramids&quot;}\">\n\t\t\t\t\t<div class=\"elementor-shape elementor-shape-bottom\" aria-hidden=\"true\" data-negative=\"false\">\n\t\t\t<svg xmlns=\"http:\/\/www.w3.org\/2000\/svg\" viewBox=\"0 0 1000 100\" preserveAspectRatio=\"none\">\n\t<path class=\"elementor-shape-fill\" d=\"M761.9,44.1L643.1,27.2L333.8,98L0,3.8V0l1000,0v3.9\"\/>\n<\/svg>\t\t<\/div>\n\t\t\t\t\t<div class=\"elementor-container elementor-column-gap-wider\">\n\t\t\t\t\t<div class=\"elementor-column elementor-col-100 elementor-top-column elementor-element elementor-element-b7bb050\" data-id=\"b7bb050\" data-element_type=\"column\">\n\t\t\t<div class=\"elementor-widget-wrap elementor-element-populated\">\n\t\t\t\t\t\t<div class=\"elementor-element elementor-element-4021e214 elementor-widget__width-auto elementor-view-default elementor-widget elementor-widget-icon\" data-id=\"4021e214\" data-element_type=\"widget\" data-widget_type=\"icon.default\">\n\t\t\t\t<div class=\"elementor-widget-container\">\n\t\t\t\t\t\t\t<div class=\"elementor-icon-wrapper\">\n\t\t\t<div class=\"elementor-icon\">\n\t\t\t<i aria-hidden=\"true\" class=\"fas fa-chevron-right\"><\/i>\t\t\t<\/div>\n\t\t<\/div>\n\t\t\t\t\t\t<\/div>\n\t\t\t\t<\/div>\n\t\t\t\t\t<\/div>\n\t\t<\/div>\n\t\t\t\t\t<\/div>\n\t\t<\/section>\n\t\t\t\t<section class=\"elementor-section elementor-top-section elementor-element elementor-element-7cc238df elementor-section-boxed elementor-section-height-default elementor-section-height-default\" data-id=\"7cc238df\" data-element_type=\"section\">\n\t\t\t\t\t\t<div class=\"elementor-container elementor-column-gap-wider\">\n\t\t\t\t\t<div class=\"elementor-column elementor-col-50 elementor-top-column elementor-element elementor-element-6b5c3142\" data-id=\"6b5c3142\" data-element_type=\"column\">\n\t\t\t<div class=\"elementor-widget-wrap elementor-element-populated\">\n\t\t\t\t\t\t<div class=\"elementor-element elementor-element-6258c19 elementor-align-start elementor-icon-list--layout-traditional elementor-list-item-link-full_width elementor-widget elementor-widget-icon-list\" data-id=\"6258c19\" data-element_type=\"widget\" data-widget_type=\"icon-list.default\">\n\t\t\t\t<div class=\"elementor-widget-container\">\n\t\t\t\t\t\t\t<ul class=\"elementor-icon-list-items\">\n\t\t\t\t\t\t\t<li class=\"elementor-icon-list-item\">\n\t\t\t\t\t\t\t\t\t\t\t<a href=\"http:\/\/caminsbalears.org\/ca\/historia-de-la-demarcacio\/\">\n\n\t\t\t\t\t\t\t\t\t\t\t<span class=\"elementor-icon-list-text\">HIST\u00d2RIA DE LA DEMARCACI\u00d3<\/span>\n\t\t\t\t\t\t\t\t\t\t\t<\/a>\n\t\t\t\t\t\t\t\t\t<\/li>\n\t\t\t\t\t\t\t\t<li class=\"elementor-icon-list-item\">\n\t\t\t\t\t\t\t\t\t\t\t<a href=\"http:\/\/caminsbalears.org\/ca\/historia-del-col%c2%b7legi\/\">\n\n\t\t\t\t\t\t\t\t\t\t\t<span class=\"elementor-icon-list-text\">HIST\u00d2RIA DEL COL\u00b7LEGI<\/span>\n\t\t\t\t\t\t\t\t\t\t\t<\/a>\n\t\t\t\t\t\t\t\t\t<\/li>\n\t\t\t\t\t\t\t\t<li class=\"elementor-icon-list-item\">\n\t\t\t\t\t\t\t\t\t\t\t<a href=\"http:\/\/caminsbalears.org\/ca\/junta-rectora\/\">\n\n\t\t\t\t\t\t\t\t\t\t\t<span class=\"elementor-icon-list-text\">JUNTA RECTORA<\/span>\n\t\t\t\t\t\t\t\t\t\t\t<\/a>\n\t\t\t\t\t\t\t\t\t<\/li>\n\t\t\t\t\t\t\t\t<li class=\"elementor-icon-list-item\">\n\t\t\t\t\t\t\t\t\t\t\t<a href=\"http:\/\/caminsbalears.org\/wp-content\/uploads\/2017\/05\/20170511172646719.pdf\" target=\"_blank\">\n\n\t\t\t\t\t\t\t\t\t\t\t<span class=\"elementor-icon-list-text\">REGLAMENT DE LA DEMARCACI\u00d3<\/span>\n\t\t\t\t\t\t\t\t\t\t\t<\/a>\n\t\t\t\t\t\t\t\t\t<\/li>\n\t\t\t\t\t\t\t\t<li class=\"elementor-icon-list-item\">\n\t\t\t\t\t\t\t\t\t\t\t<a href=\"http:\/\/caminsbalears.org\/wp-content\/uploads\/2017\/05\/Estatutos_2003.pdf\" target=\"_blank\">\n\n\t\t\t\t\t\t\t\t\t\t\t<span class=\"elementor-icon-list-text\">ESTATUTS<\/span>\n\t\t\t\t\t\t\t\t\t\t\t<\/a>\n\t\t\t\t\t\t\t\t\t<\/li>\n\t\t\t\t\t\t\t\t<li class=\"elementor-icon-list-item\">\n\t\t\t\t\t\t\t\t\t\t\t<a href=\"http:\/\/caminsbalears.org\/wp-content\/uploads\/2023\/03\/2023-IB-CICCP-SXIX.pdf\" target=\"_blank\">\n\n\t\t\t\t\t\t\t\t\t\t\t<span class=\"elementor-icon-list-text\">Enginyers Balears al segle XIX.<\/span>\n\t\t\t\t\t\t\t\t\t\t\t<\/a>\n\t\t\t\t\t\t\t\t\t<\/li>\n\t\t\t\t\t\t\t\t<li class=\"elementor-icon-list-item\">\n\t\t\t\t\t\t\t\t\t\t<span class=\"elementor-icon-list-text\"><\/span>\n\t\t\t\t\t\t\t\t\t<\/li>\n\t\t\t\t\t\t<\/ul>\n\t\t\t\t\t\t<\/div>\n\t\t\t\t<\/div>\n\t\t\t\t\t<\/div>\n\t\t<\/div>\n\t\t\t\t<div class=\"elementor-column elementor-col-50 elementor-top-column elementor-element elementor-element-6240db51\" data-id=\"6240db51\" data-element_type=\"column\">\n\t\t\t<div class=\"elementor-widget-wrap elementor-element-populated\">\n\t\t\t\t\t\t<div class=\"elementor-element elementor-element-7480089 elementor-invisible elementor-widget elementor-widget-heading\" data-id=\"7480089\" data-element_type=\"widget\" data-settings=\"{&quot;_animation&quot;:&quot;fadeInUp&quot;,&quot;_animation_delay&quot;:&quot;40&quot;}\" data-widget_type=\"heading.default\">\n\t\t\t\t<div class=\"elementor-widget-container\">\n\t\t\t\t\t<div class=\"elementor-heading-title elementor-size-default\">Organitzaci\u00f3 territorial del Col\u00b7legi.\n\n<\/div>\t\t\t\t<\/div>\n\t\t\t\t<\/div>\n\t\t\t\t<div class=\"elementor-element elementor-element-2bec3d44 elementor-widget elementor-widget-text-editor\" data-id=\"2bec3d44\" data-element_type=\"widget\" data-widget_type=\"text-editor.default\">\n\t\t\t\t<div class=\"elementor-widget-container\">\n\t\t\t\t\t\t\t\t\t<p>1. El Col\u00b7legi \u00e9s \u00fanic i s\u2019organitza territorialment en demarcacions.<br \/>2. La seu central est\u00e0 situada a Madrid i \u00e9s on resideixen els \u00f2rgans generals del Col\u00b7legi.<\/p>\n\t\t\t\t\t\t\t\t<\/div>\n\t\t\t\t<\/div>\n\t\t\t\t<div class=\"elementor-element elementor-element-1afb458 elementor-invisible elementor-widget elementor-widget-heading\" data-id=\"1afb458\" data-element_type=\"widget\" data-settings=\"{&quot;_animation&quot;:&quot;fadeInUp&quot;,&quot;_animation_delay&quot;:&quot;40&quot;}\" data-widget_type=\"heading.default\">\n\t\t\t\t<div class=\"elementor-widget-container\">\n\t\t\t\t\t<div class=\"elementor-heading-title elementor-size-default\">Demarcacions<\/div>\t\t\t\t<\/div>\n\t\t\t\t<\/div>\n\t\t\t\t<div class=\"elementor-element elementor-element-6b86c24 elementor-widget elementor-widget-text-editor\" data-id=\"6b86c24\" data-element_type=\"widget\" data-widget_type=\"text-editor.default\">\n\t\t\t\t<div class=\"elementor-widget-container\">\n\t\t\t\t\t\t\t\t\t<p>1. L\u2019\u00e0mbit i la denominaci\u00f3 de les demarcacions coincideix amb el de cadascuna de les comunitats aut\u00f2nomes espanyoles.<br \/>2. Les ciutats de Ceuta i Melilla estan representades a la Junta Rectora de la Demarcaci\u00f3 d\u2019Andalusia.<\/p>\n\t\t\t\t\t\t\t\t<\/div>\n\t\t\t\t<\/div>\n\t\t\t\t<div class=\"elementor-element elementor-element-e3ab3f4 elementor-invisible elementor-widget elementor-widget-heading\" data-id=\"e3ab3f4\" data-element_type=\"widget\" data-settings=\"{&quot;_animation&quot;:&quot;fadeInUp&quot;,&quot;_animation_delay&quot;:&quot;40&quot;}\" data-widget_type=\"heading.default\">\n\t\t\t\t<div class=\"elementor-widget-container\">\n\t\t\t\t\t<div class=\"elementor-heading-title elementor-size-default\">Adscripci\u00f3 a les demarcacions.<\/div>\t\t\t\t<\/div>\n\t\t\t\t<\/div>\n\t\t\t\t<div class=\"elementor-element elementor-element-9985438 elementor-widget elementor-widget-text-editor\" data-id=\"9985438\" data-element_type=\"widget\" data-widget_type=\"text-editor.default\">\n\t\t\t\t<div class=\"elementor-widget-container\">\n\t\t\t\t\t\t\t\t\t<p>1. Els col\u00b7legiats queden adscrits a la demarcaci\u00f3 de la seva resid\u00e8ncia habitual, excepte petici\u00f3 expressa i raonada en contra a la Secretaria General del Col\u00b7legi.<br \/>2. Els col\u00b7legiats residents a l\u2019estranger estaran adscrits a la demarcaci\u00f3 que sol\u00b7licitin a la Secretaria General del Col\u00b7legi.<\/p>\n\t\t\t\t\t\t\t\t<\/div>\n\t\t\t\t<\/div>\n\t\t\t\t\t<\/div>\n\t\t<\/div>\n\t\t\t\t\t<\/div>\n\t\t<\/section>\n\t\t\t\t<\/div>\n\t\t","protected":false},"excerpt":{"rendered":"<p>HIST\u00d2RIA DE LA DEMARCACI\u00d3 HIST\u00d2RIA DEL COL\u00b7LEGI JUNTA RECTORA REGLAMENT DE LA DEMARCACI\u00d3 ESTATUTS Enginyers Balears al segle XIX. Organitzaci\u00f3 territorial del Col\u00b7legi. 1. El Col\u00b7legi \u00e9s \u00fanic i s\u2019organitza territorialment en demarcacions.2. La seu central est\u00e0 situada a Madrid i \u00e9s on resideixen els \u00f2rgans generals del Col\u00b7legi. Demarcacions 1. L\u2019\u00e0mbit i la denominaci\u00f3 [&hellip;]<\/p>\n","protected":false},"author":1,"featured_media":0,"parent":0,"menu_order":0,"comment_status":"closed","ping_status":"closed","template":"elementor_header_footer","meta":{"footnotes":""},"class_list":["post-3341","page","type-page","status-publish","hentry"],"_links":{"self":[{"href":"https:\/\/caminsbalears.org\/ca\/wp-json\/wp\/v2\/pages\/3341","targetHints":{"allow":["GET"]}}],"collection":[{"href":"https:\/\/caminsbalears.org\/ca\/wp-json\/wp\/v2\/pages"}],"about":[{"href":"https:\/\/caminsbalears.org\/ca\/wp-json\/wp\/v2\/types\/page"}],"author":[{"embeddable":true,"href":"https:\/\/caminsbalears.org\/ca\/wp-json\/wp\/v2\/users\/1"}],"replies":[{"embeddable":true,"href":"https:\/\/caminsbalears.org\/ca\/wp-json\/wp\/v2\/comments?post=3341"}],"version-history":[{"count":4,"href":"https:\/\/caminsbalears.org\/ca\/wp-json\/wp\/v2\/pages\/3341\/revisions"}],"predecessor-version":[{"id":3854,"href":"https:\/\/caminsbalears.org\/ca\/wp-json\/wp\/v2\/pages\/3341\/revisions\/3854"}],"wp:attachment":[{"href":"https:\/\/caminsbalears.org\/ca\/wp-json\/wp\/v2\/media?parent=3341"}],"curies":[{"name":"wp","href":"https:\/\/api.w.org\/{rel}","templated":true}]}}

Demarcació

<div data-elementor-type="wp-page" data-elementor-id="3341" class="elementor elementor-3341 elementor-79" data-elementor-post-type="page">
						<section class="elementor-section elementor-top-section elementor-element elementor-element-439709ee elementor-section-height-min-height elementor-section-boxed elementor-section-height-default elementor-section-items-middle" data-id="439709ee" data-element_type="section" data-settings="{&quot;background_background&quot;:&quot;classic&quot;,&quot;shape_divider_bottom&quot;:&quot;pyramids&quot;}">
					<div class="elementor-shape elementor-shape-bottom" aria-hidden="true" data-negative="false">
			<svg xmlns="http://www.w3.org/2000/svg" viewBox="0 0 1000 100" preserveAspectRatio="none">
	<path class="elementor-shape-fill" d="M761.9,44.1L643.1,27.2L333.8,98L0,3.8V0l1000,0v3.9"/>
</svg>		</div>
					<div class="elementor-container elementor-column-gap-wider">
					<div class="elementor-column elementor-col-100 elementor-top-column elementor-element elementor-element-b7bb050" data-id="b7bb050" data-element_type="column">
			<div class="elementor-widget-wrap elementor-element-populated">
						<div class="elementor-element elementor-element-4021e214 elementor-widget__width-auto elementor-view-default elementor-widget elementor-widget-icon" data-id="4021e214" data-element_type="widget" data-widget_type="icon.default">
				<div class="elementor-widget-container">
							<div class="elementor-icon-wrapper">
			<div class="elementor-icon">
			<i aria-hidden="true" class="fas fa-chevron-right"></i>			</div>
		</div>
						</div>
				</div>
					</div>
		</div>
					</div>
		</section>
				<section class="elementor-section elementor-top-section elementor-element elementor-element-7cc238df elementor-section-boxed elementor-section-height-default elementor-section-height-default" data-id="7cc238df" data-element_type="section">
						<div class="elementor-container elementor-column-gap-wider">
					<div class="elementor-column elementor-col-50 elementor-top-column elementor-element elementor-element-6b5c3142" data-id="6b5c3142" data-element_type="column">
			<div class="elementor-widget-wrap elementor-element-populated">
						<div class="elementor-element elementor-element-6258c19 elementor-align-start elementor-icon-list--layout-traditional elementor-list-item-link-full_width elementor-widget elementor-widget-icon-list" data-id="6258c19" data-element_type="widget" data-widget_type="icon-list.default">
				<div class="elementor-widget-container">
							<ul class="elementor-icon-list-items">
							<li class="elementor-icon-list-item">
											<a href="http://caminsbalears.org/ca/historia-de-la-demarcacio/">

											<span class="elementor-icon-list-text">HISTÒRIA DE LA DEMARCACIÓ</span>
											</a>
									</li>
								<li class="elementor-icon-list-item">
											<a href="http://caminsbalears.org/ca/historia-del-col%c2%b7legi/">

											<span class="elementor-icon-list-text">HISTÒRIA DEL COL·LEGI</span>
											</a>
									</li>
								<li class="elementor-icon-list-item">
											<a href="http://caminsbalears.org/ca/junta-rectora/">

											<span class="elementor-icon-list-text">JUNTA RECTORA</span>
											</a>
									</li>
								<li class="elementor-icon-list-item">
											<a href="http://caminsbalears.org/wp-content/uploads/2017/05/20170511172646719.pdf" target="_blank">

											<span class="elementor-icon-list-text">REGLAMENT DE LA DEMARCACIÓ</span>
											</a>
									</li>
								<li class="elementor-icon-list-item">
											<a href="http://caminsbalears.org/wp-content/uploads/2017/05/Estatutos_2003.pdf" target="_blank">

											<span class="elementor-icon-list-text">ESTATUTS</span>
											</a>
									</li>
								<li class="elementor-icon-list-item">
											<a href="http://caminsbalears.org/wp-content/uploads/2023/03/2023-IB-CICCP-SXIX.pdf" target="_blank">

											<span class="elementor-icon-list-text">Enginyers Balears al segle XIX.</span>
											</a>
									</li>
								<li class="elementor-icon-list-item">
										<span class="elementor-icon-list-text"></span>
									</li>
						</ul>
						</div>
				</div>
					</div>
		</div>
				<div class="elementor-column elementor-col-50 elementor-top-column elementor-element elementor-element-6240db51" data-id="6240db51" data-element_type="column">
			<div class="elementor-widget-wrap elementor-element-populated">
						<div class="elementor-element elementor-element-7480089 elementor-invisible elementor-widget elementor-widget-heading" data-id="7480089" data-element_type="widget" data-settings="{&quot;_animation&quot;:&quot;fadeInUp&quot;,&quot;_animation_delay&quot;:&quot;40&quot;}" data-widget_type="heading.default">
				<div class="elementor-widget-container">
					<div class="elementor-heading-title elementor-size-default">Organització territorial del Col·legi.

</div>				</div>
				</div>
				<div class="elementor-element elementor-element-2bec3d44 elementor-widget elementor-widget-text-editor" data-id="2bec3d44" data-element_type="widget" data-widget_type="text-editor.default">
				<div class="elementor-widget-container">
									<p>1. El Col·legi és únic i s’organitza territorialment en demarcacions.<br />2. La seu central està situada a Madrid i és on resideixen els òrgans generals del Col·legi.</p>
								</div>
				</div>
				<div class="elementor-element elementor-element-1afb458 elementor-invisible elementor-widget elementor-widget-heading" data-id="1afb458" data-element_type="widget" data-settings="{&quot;_animation&quot;:&quot;fadeInUp&quot;,&quot;_animation_delay&quot;:&quot;40&quot;}" data-widget_type="heading.default">
				<div class="elementor-widget-container">
					<div class="elementor-heading-title elementor-size-default">Demarcacions</div>				</div>
				</div>
				<div class="elementor-element elementor-element-6b86c24 elementor-widget elementor-widget-text-editor" data-id="6b86c24" data-element_type="widget" data-widget_type="text-editor.default">
				<div class="elementor-widget-container">
									<p>1. L’àmbit i la denominació de les demarcacions coincideix amb el de cadascuna de les comunitats autònomes espanyoles.<br />2. Les ciutats de Ceuta i Melilla estan representades a la Junta Rectora de la Demarcació d’Andalusia.</p>
								</div>
				</div>
				<div class="elementor-element elementor-element-e3ab3f4 elementor-invisible elementor-widget elementor-widget-heading" data-id="e3ab3f4" data-element_type="widget" data-settings="{&quot;_animation&quot;:&quot;fadeInUp&quot;,&quot;_animation_delay&quot;:&quot;40&quot;}" data-widget_type="heading.default">
				<div class="elementor-widget-container">
					<div class="elementor-heading-title elementor-size-default">Adscripció a les demarcacions.</div>				</div>
				</div>
				<div class="elementor-element elementor-element-9985438 elementor-widget elementor-widget-text-editor" data-id="9985438" data-element_type="widget" data-widget_type="text-editor.default">
				<div class="elementor-widget-container">
									<p>1. Els col·legiats queden adscrits a la demarcació de la seva residència habitual, excepte petició expressa i raonada en contra a la Secretaria General del Col·legi.<br />2. Els col·legiats residents a l’estranger estaran adscrits a la demarcació que sol·licitin a la Secretaria General del Col·legi.</p>
								</div>
				</div>
					</div>
		</div>
					</div>
		</section>
				</div>

<p>HISTÒRIA DE LA DEMARCACIÓ HISTÒRIA DEL COL·LEGI JUNTA RECTORA REGLAMENT DE LA DEMARCACIÓ ESTATUTS Enginyers Balears al segle XIX. Organització territorial del Col·legi. 1. El Col·legi és únic i s’organitza territorialment en demarcacions.2. La seu central està situada a Madrid i és on resideixen els òrgans generals del Col·legi. Demarcacions 1. L’àmbit i la denominació [&hellip;]</p>
